 53?
True
Is 129 a factor of 172620149?
False
Is 48172108 a multiple of 321?
False
Is 6095008 a multiple of 13?
False
Is 10136566 a multiple of 89?
True
Does 128 divide 11970006?
False
Is 478 a factor of 18994764?
True
Is 254 a factor of 69871844?
True
Does 7 divide 516270271?
False
Is 20 a factor of 46016848?
False
Is 150639584 a multiple of 134?
True
Is 121 a factor of 101442891?
True
Is 6 a factor of 1919623?
False
Is 22574837 a multiple of 47?
False
Does 26 divide 6313164?
True
Does 85 divide 31931712?
False
Is 566707040 a multiple of 20?
True
Is 765292760 a multiple of 25?
False
Is 257 a factor of 14775?
False
Is 1096 a factor of 117042897?
False
Is 1634956351 a multiple of 806?
False
Does 46 divide 2039757?
False
Does 2195 divide 399222210?
True
Is 13589173 a multiple of 220?
False
Does 4 divide 17132203?
False
Does 13 divide 181370574?
False
Does 4370 divide 649494485?
False
Is 9788688 a multiple of 14?
True
Is 49441848 a multiple of 6?
True
Is 4 a factor of 14047655?
False
Is 1709 a factor of 117245720?
False
Does 239 divide 3243635105?
True
Does 74 divide 313223994?
False
Is 40440432 a multiple of 146?
False
Does 77 divide 176080221?
False
Does 6334 divide 1075049853?
False
Is 2426630333 a multiple of 97?
False
Does 15 divide 10562281?
False
Is 21 a factor of 46399794?
True
Does 245 divide 64877616?
False
Does 502 divide 1640956?
False
Does 25 divide 147548399?
False
Does 58 divide 49629846?
True
Is 74 a factor of 152956625?
False
Does 12 divide 116565888?
True
Is 5557847340 a multiple of 2509?
False
Is 19518825 a multiple of 4?
False
Is 13 a factor of 2351901565?
True
Does 71 divide 967807958?
True
Does 2 divide 462842016?
True
Is 14 a factor of 19114904?
False
Does 331 divide 52694021?
False
Is 425 a factor of 23499950?
True
Is 16 a factor of 641394320?
True
Does 3469 divide 112121549?
True
Does 221 divide 97093805?
False
Does 22 divide 131805476?
True
Is 25 a factor of 6777852720?
False
Is 9160261 a multiple of 82?
False
Is 371 a factor of 68803434?
True
Is 1166 a factor of 516001640?
True
Is 805869680 a multiple of 6796?
True
Does 6 divide 524436?
True
Does 11 divide 4746049?
True
Is 15 a factor of 1256074292?
False
Does 387 divide 56375838?
True
Is 262 a factor of 4759298087?
False
Is 41 a factor of 1187919829?
False
Is 9 a factor of 13737051?
True
Is 36960683 a multiple of 23?
False
Does 289 divide 478788490?
False
Does 800 divide 64003200?
True
Does 90 divide 43441920?
True
Does 1090 divide 20339400?
True
Is 28 a factor of 11952696?
True
Is 129 a factor of 106286325?
True
Does 146 divide 24551068?
True
Is 84829382 a multiple of 74?
True
Does 348 divide 739170792?
True
Does 2 divide 3296216?
True
Does 973 divide 10306191?
False
Is 31125409 even?
False
Is 10 a factor of 295183885?
False
Does 850 divide 130342400?
True
Is 37111302 a multiple of 277?
False
Is 914980111 a multiple of 592?
False
Does 450 divide 177555685?
False
Is 20 a factor of 44298669?
False
Does 4 divide 10963137?
False
Is 16545382 a multiple of 14?
True
Is 41132090 a multiple of 45?
False
Is 407719712 a multiple of 8?
True
Does 3 divide 293262693?
True
Is 343555679 a multiple of 1314?
False
Is 5197 a factor of 225870715?
False
Is 28151808 a multiple of 4?
True
Is 481850736 a multiple of 38?
False
Is 9285240 a multiple of 3?
True
Is 1564151805 a multiple of 3141?
False
Does 75 divide 51897896?
False
Is 381 a factor of 1386169773?
False
Does 96 divide 787752848?
False
Does 20 divide 7729515?
False
Is 2621 a factor of 890557177?
False
Does 180 divide 22174560?
True
Is 3349581770 a multiple of 46?
True
Is 817 a factor of 12461701?
True
Is 27 a factor of 11434759?
False
Does 15 divide 974965635?
True
Does 12 divide 2379082704?
True
Is 72800784 a multiple of 504?
True
Is 21890507 a multiple of 11?
False
Is 14 a factor of 3063876032?
True
Does 133 divide 17711743?
True
Does 229 divide 35284549?
True
Does 58 divide 112720301?
False
Is 1315112091 a multiple of 78?
False
Does 5138 divide 2748621080?
False
Does 120 divide 46726920?
True
Is 5761 a factor of 673933042?
False
Does 28 divide 175070672?
True
Does 1844 divide 1903100531?
False
Is 3119 a factor of 2632807921?
False
Does 16 divide 23649984?
True
Is 5 a factor of 29965130?
True
Is 36 a factor of 1004961546?
False
Is 232 a factor of 321343432?
True
Does 278 divide 14528002?
True
Is 216318652 a multiple of 7?
False
Does 30 divide 36613698?
False
Is 50 a factor of 2054575?
False
Is 523584615 a multiple of 85?
True
Does 52 divide 58612081?
False
Is 163852569 a multiple of 800?
False
Does 395 divide 958602035?
False
Is 821 a factor of 4012897641?
False
Does 94 divide 55500608?
True
Is 63 a factor of 1765844073?
True
Is 508822830 a multiple of 354?
False
Is 382023763 a multiple of 48?
False
Is 112220768 a multiple of 88?
True
Does 11 divide 749458424?
True
Is 4140847 a multiple of 51?
False
Is 250838016 a multiple of 2816?
True
Does 323 divide 5907347?
True
Is 14 a factor of 11748201?
False
Is 1602 a factor of 68869363?
False
Is 358001 a multiple of 3?
False
Is 19 a factor of 263857807?
True
Is 133564225 a multiple of 57?
False
Does 5743 divide 305232998?
False
Is 24 a factor of 143576109?
False
Is 284 a factor of 13129542?
False
Does 40 divide 368968793?
False
Does 7 divide 73582180?
True
Is 31 a factor of 27018796?
False
Does 12 divide 346552716?
True
Is 50858983 a multiple of 14?
False
Is 1376 a factor of 576304900?
False
Is 2541 a factor of 228776394?
True
Is 439813458 a multiple of 7?
True
Is 784642 a multiple of 34?
False
Is 98 a factor of 516911429?
False
Is 108 a factor of 673562747?
False
Is 14 a factor of 617930045?
False
Is 367784780 a multiple of 13?
False
Is 357446982 a multiple of 696?
False
Is 664177624 a multiple of 4577?
True
Is 4365 a factor of 35600940?
True
Is 292110 a multiple of 35?
True
Is 24 a factor of 650924019?
False
Does 94 divide 79765109?
False
Is 9544539 a multiple of 3?
True
Does 1240 divide 107979670?
False
Is 18 a factor of 500686146?
True
Is 115759133 a multiple of 373?
False
Is 13420707 a multiple of 354?
False
Is 40075800 a multiple of 2040?
True
Is 805347638 a multiple of 922?
True
Does 81 divide 3290949?
True
Is 6580 a factor of 57904000?
True
Does 17 divide 406366851?
False
Is 31636260 a multiple of 9?
True
Does 99 divide 49918077?
True
Does 5997 divide 1381445686?
False
Does 35 divide 12927705?
True
Is 2494 a factor of 2898028?
True
Does 2756 divide 278342488?
False
Does 82 divide 3126978734?
True
Is 31096304 a multiple of 155?
False
Does 40 divide 68055590?
False
Is 57598310 a multiple of 266?
True
Is 191 a factor of 585513365?
True
Is 486 a factor of 146691810?
True
Does 251 divide 93321088?
False
Is 17026296 a multiple of 8?
True
Is 336 a factor of 303511996?
False
Does 66 divide 32689250?
False
Is 357 a factor of 40646949?
True
Is 344229504 a multiple of 64?
True
Does 986 divide 15494004?
True
Does 219 divide 159834522?
True
Does 1425 divide 53943168?
False
Is 190 a factor of 8687665?
False
Is 11334121 a multiple of 1021?
True
Is 1341323046 a multiple of 2471?
True
Is 7 a factor of 769853641?
False
Is 15716790 a multiple of 143?
False
Is 5 a factor of 7139065?
True
Does 157 divide 96362832?
True
Is 68 a factor of 407566939?
False
Is 22 a factor of 7292400?
False
Does 32 divide 85799808?
True
Is 40929891 a multiple of 1176?
False
Does 37 divide 148239908?
True
Is 146 a factor of 2934561?
False
Is 1790 a factor of 3939968?
False
Does 8472 divide 411180048?
True
Does 22 divide 87616324?
False
Does 25 divide 2512891400?
True
Does 1976 divide 47336919?
False
Is 611 a factor of 23089079?
True
Does 13 divide 19128175?
False
Does 2622 divide 1187896013?
False
Does 320 divide 4680014?
False
Does 514 divide 1688779?
False
Does 32 divide 99395472?
False
Is 29 a factor of 31051986?
False
Is 44245952 a multiple of 32?
True
Is 286046740 a multiple of 35?
True
Does 6283 divide 1734945674?
False
Is 30 a factor of 101751756?
False
Is 30 a factor of 6204060?
True
Does 6 divide 7725373?
False
Is 1694884907 a multiple of 23?
False
Is 222 a factor of 163128930?
True
Is 322 a factor of 19171123?
False
Is 100612313 a multiple of 288?
False
Is 86 a factor of 172246358?
False
Is 35232204 a multiple of 21?
True
Is 768 a factor of 3016704?
True
Is 4476747 a multiple of 158?
False
Is 13224338 a mult